*o, 3*u + 0 = o + 7. Suppose 3*z - 2*z + 11 = -q, 0 = -4*z + u*q - 30. Let p = z + 17. Calculate the remainder when 15 is divided by p.
7
Let w(o) = -3*o**3 + o**2 - 2*o - 4. Let y(v) = -v**3 + 7*v**2 + 2*v + 2. What is the remainder when w(-3) is divided by y(7)?
12
Let i = 68 - 40. What is the remainder when i is divided by 5 + -7 + (1 - -16)?
13
Let b(c) = 2*c**3 - 5*c**2 + 2*c - 5. What is the remainder when b(4) is divided by ((-38)/(-3))/(5 - (-91)/(-21))?
13
Let m = 934 + -892. What is the remainder when 377 is divided by m?
41
Suppose l = 2*l - 10. Let q(p) = p**3 - 11*p**2 + 13*p - 4. Calculate the remainder when 51 is divided by q(l).
25
Let p(s) = -3*s**3 - 6*s**2 - 6*s - 7. Let i be p(-5). Suppose 3*z + i = 7*z. Suppose -75*j + 57*j = -396. Calculate the remainder when z is divided by j.
18
Calculate the remainder when 50 is divided by -12*((-392)/(-21))/(-8).
22
Let h(p) = 3*p**2 - 16*p - 3. Let o(z) = 2*z**2 - 16*z - 2. Let f(d) = -3*h(d) + 4*o(d). Calculate the remainder when f(-14) is divided by 15.
14
Let b = 388 + -356. Calculate the remainder when b is divided by 19.
13
Let c(v) = 6*v**3 + 2*v**2 - 2*v + 1. Suppose 0 = -11*n + 108 + 79. Let j(m) = -m**2 + 20*m - 26. What is the remainder when j(n) is divided by c(1)?
4
Let z = -64 - -35. Let i = -3 - z. Suppose -i + 11 = -3*r. Calculate the remainder when 12 is divided by r.
2
Let w = -1214 + 1407. What is the remainder when w is divided by 67?
59
Suppose -p - 3 = 5*r, 2*p - 5*r - 1 = 23. What is the remainder when p is divided by 3?
1
Let v(m) = 86*m - 26. Calculate the remainder when v(1) is divided by 31.
29
Let o be ((-18)/4)/(1/(-2)). Suppose -6*m + 3*m + 114 = 4*x, -x + 32 = -m. Calculate the remainder when x is divided by o + (-1)/(3/(-6)).
8
Let m(x) = x + 40. Suppose -k - 5 = 4*k. Let p = k + 22. Calculate the remainder when m(0) is divided by p.
19
Let v(y) = 28 - 13 - 16*y + 17*y. Let z(f) = 2*f + 4. Let d be z(-6). Calculate the remainder when 13 is divided by v(d).
6
Let y be (4 - (-2)/2) + -3. Suppose -p + 51 + 67 = 5*k, k - 17 = y*p. Let o = k + -14. Calculate the remainder when o is divided by 4.
1
Suppose -13 - 267 = -4*x. Calculate the remainder when 419 is divided by x.
69
What is the remainder when 148 is divided by (21/(-4))/((-825)/(-140) + -6)?
1
Suppose 0 = -4*d + 5*u, 3*u = u + 8. Let p(l) = -l**2 + 7*l + 2. Calculate the remainder when 129 is divided by p(d).
9
Suppose m + 3*m = -3*n + 275, -n - 4*m + 81 = 0. Let z(p) = 10*p**2 + 4*p + 1. Calculate the remainder when n is divided by z(2).
48
Suppose 2*d + 2 = 12. Suppose -97 = 4*c + d*z, -2*z + 17 = 5*c + 151. What is the remainder when 28 is divided by 2 - 7/(c/32)?
8
Calculate the remainder when 179 is divided by 47*(-1)/(-5) + (-152)/380.
8
Let h = -7 + 11. Suppose 0 = -h*i + 6 + 30. What is the remainder when 296/12 + (-1)/(-3) is divided by i?
7
Let u(p) = 2 + 5*p**2 + 9 - 4*p**2 - 8*p + 1. Let s be u(8). Let y = s - -14. What is the remainder when y is divided by 9?
8
Let b be 78/4 + 1/2. Suppose 24*j = b*j + 336. What is the remainder when j is divided by 2/(-6) - (-67)/3?
18
Suppose -337 + 85 = 9*o. Let a = o - -28. Let p = a - -11. What is the remainder when 21 is divided by p?
10
Suppose t = z - t - 6, 3*t + 9 = 2*z. Suppose -5*b - 2*k - 2*k + 166 = z, -4*b - 3*k + 132 = 0. Calculate the remainder when 57 is divided by b.
27
Let m(h) = h**3 - 6*h**2 - h - 10. Let x be m(7). Let j = 33 - x. What is the remainder when 2 is divided by j?
0
Let d(j) = 19*j + 3. Calculate the remainder when 73 is divided by d(2).
32
Suppose -4*j - 2*s = 1 - 3, -3*j + 4 = 4*s. Calculate the remainder when 4 is divided by (-1 - j) + 1 + 1.
0
Suppose -5*k + 3*u = -k - 106, 2*k - 52 = 2*u. What is the remainder when k is divided by (11 - (5 + 19)) + 18?
3
Suppose -4*n = -h + 20, -2*h = -5*n - 42 + 14. Suppose -6*s + s + 150 = 5*d, -80 = -4*d + h*s. What is the remainder when 48 is divided by d?
23
Let x = 67 + -39. What is the remainder when x is divided by 10?
8
Let h = 441 + -348. Calculate the remainder when h is divided by 16.
13
Let m = 248 - 68. Calculate the remainder when m is divided by 14.
12
Suppose k + 3*k - 96 = 0. Let q = k + -21. What is the remainder when 17 is divided by 1 + (q - (2 - 2))?
1
Let f(q) = -q + 171. Calculate the remainder when f(21) is divided by 51.
48
Let h(m) = 2*m - 8. Let b be h(13). Let j = -11 + b. Calculate the remainder when 12 is divided by (j/(-2))/(13/(-26)).
5
Let q(f) = -12*f**3 + 38*f**2 - f - 2. What is the remainder when 204 is divided by q(3)?
9
Let u = -24 + 48. Let g(a) = 19*a - 1. Calculate the remainder when g(5) is divided by u.
22
Suppose 6*k + o = k, -4*o - 19 = k. Let y(j) = j**3 + 7*j**2 + 3*j - 13. What is the remainder when y(-6) is divided by (2 - (2 + k))*-3?
2
Let h = -257 - -105. Let g(k) = -k**3 - 12*k**2 - 4*k + 79. Let b be g(-11). Calculate the remainder when 38 is divided by b/5 + h/(-20).
6
Let j = 288 + -267. Calculate the remainder when 375 is divided by j.
18
Calculate the remainder when 46 is divided by (-24)/(0 + -12) - (-2 - 29).
13
Suppose -172 - 212 = -8*a. Calculate the remainder when 284 is divided by a.
44
Let u(q) = q**3 + 5*q**2 + 32*q - 69. Let i = -18 + 85. What is the remainder when i is divided by u(2)?
21
Suppose -2*r - 3*u + 150 = 0, -5*u + 32 - 310 = -4*r. Suppose -4*n + n + r = 0. Suppose k - 10 = n. Calculate the remainder when 64 is divided by k.
30
Let i be (0 - (-1 - 0))*-4. Let d(j) = -j**2 - 4*j + 4. What is the remainder when (-9 + 19)/(-2 + 4) is divided by d(i)?
1
Let p = 1 + 1. Let b(n) = 5*n**2 - 4*n - 1. Calculate the remainder when p + 0 + -1 + 30 is divided by b(2).
9
What is the remainder when -120*9/(162/(-24)) is divided by 54?
52
Let n(h) = 3*h**2 - 12*h - 14. Calculate the remainder when n(11) is divided by 44.
41
Suppose 3*z - 4*l - 491 = 0, 175 = z - 4*l - 2. Let a = z + -70. Let g(k) = 6*k**2 + 2*k - 2. What is the remainder when a is divided by g(-2)?
15
Suppose -25*f + 43 + 7 = 0. Let s(c) = -c**3 + 5*c**2 - 2*c - 1. Let h be s(4). Suppose 9 = f*r - h. Calculate the remainder when 38 is divided by r.
6
Let b(o) = 2*o**2 - 2*o - 1. Let t(k) = k**2 - 4*k - 55. Let j be t(0). Let n = 70 + j. What is the remainder when n is divided by b(3)?
4
What is the remainder when 311 is divided by -3 - (-38 + (6 - 11) + 0)?
31
Calculate the remainder when 9 - 15/((-75)/580) is divided by 32.
29
Let i = -707 + 787. What is the remainder when 152 is divided by i?
72
Let s(q) = -2*q - 7. Let c be s(-5). Suppose -c*z - 3*y = -21, 0 = 2*y - 4*y + 2. What is the remainder when 21 is divided by z?
3
Let z = 617 - 284. Suppose -4*m = 33 - z. Calculate the remainder when m is divided by 21.
12
Let s(i) = 4*i**3 - 10*i**2 + 2*i. Calculate the remainder when s(5) is divided by 33.
29
Let s be 21/(-14)*(-2)/(-3). What is the remainder when 91 is divided by 46*(0 + 5)*s/(-5)?
45
Suppose 332*z = 340*z - 248. Calculate the remainder when 60 is divided by z.
29
Suppose 214 + 52 = w. Let j = -12 + 23. What is the remainder when w/11 + (-2)/j is divided by 13?
11
Let r be 1/(28/8)*7*2. Suppose -r*i + 318 + 34 = 0. Calculate the remainder when i is divided by 23.
19
Suppose -22 = 5*f + 8. What is the remainder when 28 is divided by (79/(-7))/(-1) + f/21?
6
Let b be (-92)/(-4) + -3 - -2. Let h = -8 + b. Calculate the remainder when 67 is divided by h.
11
Let r(m) = -m**3 - 2*m**2 - m - 4. Let q = 223 - 111. Let y = q - 98. Calculate the remainder when y is divided by r(-3).
6
Suppose 568 = -0*i + 4*i - 2*x, -i + 5*x = -133. Calculate the remainder when i is divided by 36.
35
Let v(u) = 2*u + 20 - 7 + 4. Let j be 4/(-18) - 390/(-54). What is the remainder when v(j) is divided by 11?
9
Let n(w) = -w + 1. Let k be n(-15). Suppose -8*c + k*c - 48 = 0. Calculate the remainder when 16 is divided by c.
4
Suppose -3*v + 81 = 6*v. Calculate the remainder when 27 is divided by v.
0
What is the remainder when 62 is divided by -14 + 682/33 - (-8)/6?
6
Suppose -66 = -2*n + 5*a - 2*a, -3*a = 4*n - 96. Calculate the remainder when 402 is divided by n.
24
Let b = 518 - 456. What is the remainder when 231 is divided by b?
45
Let d = 1981 + -1866. What is the remainder when 2874 is divided by d?
114
Let p be -4 - (7/(-2 - -1) + 3). Suppose 3*y + d -